 3, 877
What are the prime factors of 22364?
2, 5591
What are the prime factors of 1347?
3, 449
What are the prime factors of 8188?
2, 23, 89
What are the prime factors of 2151?
3, 239
List the prime factors of 91632.
2, 3, 23, 83
What are the prime factors of 52076?
2, 47, 277
What are the prime factors of 4299?
3, 1433
List the prime factors of 14037.
3, 4679
What are the prime factors of 25038?
2, 3, 13, 107
What are the prime factors of 717?
3, 239
What are the prime factors of 2895?
3, 5, 193
What are the prime factors of 9422?
2, 7, 673
What are the prime factors of 360?
2, 3, 5
What are the prime factors of 59025?
3, 5, 787
List the prime factors of 5890.
2, 5, 19, 31
What are the prime factors of 729?
3
What are the prime factors of 18582?
2, 3, 19, 163
List the prime factors of 178.
2, 89
What are the prime factors of 10039?
10039
List the prime factors of 9198.
2, 3, 7, 73
List the prime factors of 19209.
3, 19, 337
What are the prime factors of 342?
2, 3, 19
What are the prime factors of 2408?
2, 7, 43
List the prime factors of 8517.
3, 17, 167
List the prime factors of 64816.
2, 4051
What are the prime factors of 296?
2, 37
What are the prime factors of 865?
5, 173
List the prime factors of 19385.
5, 3877
What are the prime factors of 1560?
2, 3, 5, 13
What are the prime factors of 179770?
2, 5, 17977
List the prime factors of 2567.
17, 151
What are the prime factors of 34036?
2, 67, 127
What are the prime factors of 59290?
2, 5, 7, 11
List the prime factors of 982.
2, 491
What are the prime factors of 1366?
2, 683
What are the prime factors of 9121?
7, 1303
What are the prime factors of 1117?
1117
What are the prime factors of 41933?
19, 2207
List the prime factors of 6706.
2, 7, 479
What are the prime factors of 10450?
2, 5, 11, 19
What are the prime factors of 1968?
2, 3, 41
What are the prime factors of 774?
2, 3, 43
What are the prime factors of 15568?
2, 7, 139
What are the prime factors of 36035?
5, 7207
What are the prime factors of 11272?
2, 1409
List the prime factors of 1437.
3, 479
What are the prime factors of 12624?
2, 3, 263
List the prime factors of 191.
191
What are the prime factors of 3366?
2, 3, 11, 17
List the prime factors of 34265.
5, 7, 11, 89
List the prime factors of 1768.
2, 13, 17
What are the prime factors of 1996?
2, 499
What are the prime factors of 3633?
3, 7, 173
What are the prime factors of 4405?
5, 881
List the prime factors of 7820.
2, 5, 17, 23
What are the prime factors of 48605?
5, 9721
List the prime factors of 523.
523
List the prime factors of 2390.
2, 5, 239
List the prime factors of 133.
7, 19
List the prime factors of 7287.
3, 7, 347
List the prime factors of 65251.
23, 2837
What are the prime factors of 67122?
2, 3, 11, 113
List the prime factors of 510.
2, 3, 5, 17
What are the prime factors of 10568?
2, 1321
What are the prime factors of 608?
2, 19
What are the prime factors of 9362?
2, 31, 151
What are the prime factors of 2732?
2, 683
List the prime factors of 28985.
5, 11, 17, 31
What are the prime factors of 6774?
2, 3, 1129
List the prime factors of 2421.
3, 269
What are the prime factors of 6106?
2, 43, 71
List the prime factors of 465.
3, 5, 31
What are the prime factors of 1186?
2, 593
What are the prime factors of 23755?
5, 4751
List the prime factors of 854.
2, 7, 61
What are the prime factors of 55606?
2, 27803
What are the prime factors of 1776?
2, 3, 37
What are the prime factors of 75439?
7, 13, 829
What are the prime factors of 14148?
2, 3, 131
What are the prime factors of 459?
3, 17
What are the prime factors of 1887?
3, 17, 37
List the prime factors of 238.
2, 7, 17
What are the prime factors of 8547?
3, 7, 11, 37
What are the prime factors of 983?
983
What are the prime factors of 1948?
2, 487
List the prime factors of 56347.
29, 67
What are the prime factors of 1937?
13, 149
What are the prime factors of 21086?
2, 13, 811
What are the prime factors of 44630?
2, 5, 4463
What are the prime factors of 46302?
2, 3, 7717
List the prime factors of 68677.
7, 9811
What are the prime factors of 20510?
2, 5, 7, 293
List the prime factors of 662.
2, 331
List the prime factors of 1972.
2, 17, 29
List the prime factors of 2707.
2707
List the prime factors of 2986.
2, 1493
What are the prime factors of 716?
2, 179
What are the prime factors of 68014?
2, 31, 1097
What are the prime factors of 29563?
17, 37, 47
List the prime factors of 384.
2, 3
List the prime factors of 63.
3, 7
What are the prime factors of 245?
5, 7
List the prime factors of 8593.
13, 661
List the prime factors of 5936.
2, 7, 53
List the prime factors of 27578.
2, 13789
List the prime factors of 11284.
2, 7, 13, 31
List the prime factors of 22081.
71, 311
What are the prime factors of 3420?
2, 3, 5, 19
List the prime factors of 10114.
2, 13, 389
What are the prime factors of 1118?
2, 13, 43
What are the prime factors of 5792?
2, 181
What are the prime factors of 1370?
2, 5, 137
List the prime factors of 1499.
1499
What are the prime factors of 1214?
2, 607
List the prime factors of 14698.
2, 7349
List the prime factors of 27300.
2, 3, 5, 7, 13
List the prime factors of 3689.
7, 17, 31
List the prime factors of 7952.
2, 7, 71
What are the prime factors of 25810?
2, 5, 29, 89
What are the prime factors of 2150?
2, 5, 43
What are the prime factors of 929?
929
List the prime factors of 1599.
3, 13, 41
What are the prime factors of 5266?
2, 2633
What are the prime factors of 5161?
13, 397
List the prime factors of 3207.
3, 1069
List the prime factors of 8365.
5, 7, 239
What are the prime factors of 233?
233
What are the prime factors of 21403?
17, 1259
List the prime factors of 105761.
105761
What are the prime factors of 6620?
2, 5, 331
What are the prime factors of 1375?
5, 11
What are the prime factors of 99784?
2, 12473
What are the prime factors of 6222?
2, 3, 17, 61
What are the prime factors of 7244?
2, 1811
What are the prime factors of 2744?
2, 7
List the prime factors of 72752.
2, 4547
What are the prime factors of 64143?
3, 7127
List the prime factors of 67.
67
List the prime factors of 417.
3, 139
What are the prime factors of 532?
2, 7, 19
What are the prime factors of 7694?
2, 3847
List the prime factors of 2415.
3, 5, 7, 23
List the prime factors of 34747.
34747
What are the prime factors of 3322?
2, 11, 151
What are the prime factors of 8810?
2, 5, 881
What are the prime factors of 10169?
10169
List the prime factors of 16144.
2, 1009
What are the prime factors of 31620?
2, 3, 5, 17, 31
List the prime factors of 29583.
3, 19, 173
What are the prime factors of 4760?
2, 5, 7, 17
List the prime factors of 20186.
2, 10093
What are the prime factors of 983?
983
What are the prime factors of 39872?
2, 7, 89
What are the prime factors of 311?
311
List the prime factors of 4663.
4663
What are the prime factors of 24049?
24049
What are the prime factors of 159021?
3, 17669
List the prime factors of 1569.
3, 523
What are the prime factors of 9595?
5, 19, 101
What are the prime factors of 2846?
2, 1423
List the prime factors of 23642.
2, 11821
List the prime factors of 10453.
10453
List the prime factors of 172.
2, 43
What are the prime factors of 816?
2, 3, 17
List the prime factors of 36384.
2, 3, 379
List the prime factors of 24929.
97, 257
List the prime factors of 88214.
2, 7, 6301
List the prime factors of 1003.
17, 59
What are the prime factors of 29241?
3, 19
What are the prime factors of 14974?
2, 7487
List the prime factors of 2855.
5, 571
What are the prime factors of 3271?
3271
List the prime factors of 8096.
2, 11, 23
List the prime factors of 7803.
3, 17
What are the prime factors of 51253?
107, 479
List the prime factors of 12311.
13, 947
What are the prime factors of 931?
7, 19
What are the prime factors of 658?
2, 7, 47
List the prime factors of 1019.
1019
What are the prime factors of 17609?
17609
What are the prime factors of 27005?
5, 11, 491
List the prime factors of 33722.
2, 13, 1297
List the prime factors of 866.
2, 433
What are the prime factors of 3593?
3593
What are the prime factors of 17042?
2, 8521
List the prime factors of 458.
2, 229
List the prime factors of 3392.
2, 53
What are the prime factors of 7377?
3, 2459
What are the prime factors of 126532?
2, 7, 4519
What are t